 163 - 3 = -4*h. What is the greatest common divisor of 112 and h?
14
Suppose 5*c - 3*c = 6. Suppose -v = 3*z - 88, -3*z + 0*z - 228 = -c*v. Suppose 2*a - 159 = -2*f - f, a - v = -f. What is the highest common divisor of a and 26?
26
Let o be (-96)/(-6) - 1*(-1 - -2). Let q = 0 + 2. Let k be (o - q - 2) + 4. What is the greatest common divisor of 45 and k?
15
Suppose 0 = -5*l - 2*f - 6 + 49, -8 = -2*f. Let z = -5 + l. Let n be -1 - 126/(-26) - (-42)/273. What is the greatest common factor of n and z?
2
Suppose -5*k - 132 = -7*k. Suppose v - 6 = 4*v, 2*v + 34 = 5*m. What is the highest common factor of m and k?
6
Suppose -10 = -4*l - 0*b - 2*b, -3*b = -5*l - 15. Suppose 0 = -l*z + 5*z - 25. Let o be 0/(-1) + -6 + 13 + 28. Calculate the highest common factor of o and z.
5
Suppose -126 = -2*b - 4*i, -5*i = 4*b + 99 - 339. What is the greatest common divisor of 15 and b?
5
Let o be (145/(-87) + (-5)/10)/(1/(-6)). Let v = -27 - -66. What is the highest common divisor of o and v?
13
Let f be (-1)/4 - 81/(-36). Suppose -9 = -c + o - f, 3*c - 2*o = 18. Suppose 25*d + 9 - 1109 = 0. What is the greatest common divisor of c and d?
4
Suppose -k = -0*k - 2*o + 9, 4*o + 17 = -5*k. Let a be ((-748)/(-55))/((-2)/k). What is the greatest common factor of a and 17?
17
Let g(o) be the second derivative of 19*o**4/4 + o**3/3 - o**2/2 + 17*o. Let f be g(-1). What is the highest common divisor of 270 and f?
54
Let t = 24 + -11. Let g = 16 - t. Suppose -g*b + 43 = 2*b + y, 10 = 2*b + 4*y. Calculate the highest common divisor of b and 45.
9
Suppose 12*n + 390 = 17*n. What is the highest common factor of 24 and n?
6
Suppose 0 = 10*p - 1349 + 389. What is the highest common factor of p and 6?
6
Let q = -255 - -332. Let f be (7/(-3))/(3/(-9)). What is the greatest common factor of f and q?
7
Let y be (68/(-10))/(60/(-150)). What is the highest common factor of y and 697?
17
Let t(j) = -j**2 - 8*j + 61. Let h be t(-14). Let m be (6*-1)/(2/(-8)). Let q = h + m. Calculate the greatest common divisor of q and 3.
1
Let s = 38 + -17. Suppose -5*j = -x + 15, -5*j + 3*x - 7*x + 10 = 0. Let m = s + j. What is the greatest common factor of 19 and m?
19
Let k = -5 - -25. Suppose -5*c + k = s + 6, 3*c + 2 = 2*s. What is the greatest common divisor of c and 6?
2
Let g = -55 + 359. Calculate the greatest common factor of 16 and g.
16
Suppose 4*z - 84 = 5*j, 0 = 2*z + j + 15 - 57. Calculate the greatest common factor of z and 231.
21
Suppose -2*w - 4*n + 72 = 0, -2*n - 40 = -4*w + 74. What is the highest common divisor of 40 and w?
10
Let z be (-165)/(-55) + (7 - 1). What is the greatest common factor of 2 and z?
1
Suppose 53*p = 52*p + 168. Calculate the greatest common divisor of 294 and p.
42
Let y = -200 + 209. What is the highest common factor of 3 and y?
3
Suppose -5*n - 3*i - i + 288 = 0, 4*i = -3*n + 176. Suppose -3*y - 3*x + 6 = 0, 3*y = -y + 5*x + 53. What is the greatest common divisor of y and n?
7
Suppose 0 = -i + l - 6, -5*i + l - 18 = -0. Let o be i + 159*2/6. Calculate the greatest common divisor of 20 and o.
10
Let s = 760 + -699. Calculate the highest common factor of 1525 and s.
61
Let a = 52 - -134. Let w be (9/(-12))/(1*2/(-856)). Let n = w - a. What is the greatest common divisor of n and 15?
15
Let i(o) = 42*o**2 - 66*o + 384. Let p be i(6). Calculate the greatest common factor of p and 120.
60
Suppose 28*d - 22*d - 2916 = 0. Calculate the highest common factor of d and 72.
18
Suppose 3*k = -2*k + a + 285, 4*a - 136 = -2*k. Suppose -l = 3*l - 160. Let o = k - l. Calculate the highest common divisor of 9 and o.
9
Let x be (8/(-1 + -1))/2. Let n = 21 - 37. Let v be x + (-1 - -1 - n). Calculate the greatest common divisor of 154 and v.
14
Let p(z) be the third derivative of z**5/30 + z**4/24 - 25*z**3/6 - 10*z**2. Let w be p(-5). Calculate the highest common factor of w and 100.
20
Let a = 2 + 574. What is the greatest common factor of 18 and a?
18
Let w(h) = 12*h + 27. Let i be w(18). Suppose 0 = -2*q + 3*f + f + 34, -5*q + 150 = 3*f. What is the greatest common divisor of i and q?
27
Let r(z) = z**2 + 35*z + 156. Let k be r(-32). Let p be 35/5*24/14. What is the highest common divisor of k and p?
12
Let f be (3*(-150)/9)/(-1). What is the greatest common factor of f and 10?
10
Suppose -9*y = -13*y + k + 885, 0 = -2*k - 10. Calculate the greatest common divisor of 836 and y.
44
Let n = 1083 + -964. Calculate the highest common divisor of 17 and n.
17
Let v(r) = -r**3 - 44*r**2 - 47*r + 66. Let j be v(-43). Calculate the highest common divisor of j and 84.
14
Let f be (1040/156)/((-8)/(-18)). Calculate the highest common divisor of 795 and f.
15
Let x = 11 - -8. Let t = x + -3. What is the highest common divisor of t and 4?
4
Suppose 14*w - 4*w = -1140. Let a = -69 - w. What is the highest common factor of 5 and a?
5
Let q(m) = m**2 - 27*m + 122. Let p be q(22). Calculate the highest common factor of 21 and p.
3
Let w = 105 + -54. Let g = 84 + w. What is the highest common divisor of 15 and g?
15
Suppose -4*r + 212 = 4*d, -2*r + 5*d + 70 = -1. What is the highest common factor of 16 and r?
16
Suppose 20*l - 25*l + 270 = 0. Calculate the highest common factor of l and 12.
6
Let m = -1548 - -1024. Let w = 766 + m. What is the highest common factor of w and 22?
22
Suppose -d + 30 = -6. Let x = -23 + d. Calculate the highest common divisor of x and 117.
13
Let t = -1010 + 1164. Calculate the highest common divisor of t and 56.
14
Suppose 5*h + 4 = 3*h. Let i be h/3*(-510)/(-20). Let b = i + 34. What is the highest common factor of b and 187?
17
Suppose -7 = -5*j + 63. Let t = -150 + 152. Calculate the greatest common factor of j and t.
2
Let f(n) = 17*n - 116. Let y be f(8). Calculate the greatest common divisor of 3 and y.
1
Let f = -2245 + 2375. Calculate the highest common divisor of f and 286.
26
Suppose 32*t = 4*t + 420. What is the greatest common divisor of t and 95?
5
Suppose 2*l + 19 - 4 = n, n - l - 15 = 0. Suppose -j = -6*j + n. Suppose -58*g - 27 = -61*g. What is the highest common factor of g and j?
3
Let t = 467 - 465. Let l(i) be the second derivative of i**5/20 + 5*i**4/12 + i**3/3 + 2*i. Let f be l(-4). Calculate the greatest common divisor of t and f.
2
Let y = 6 - 6. Suppose f = -y*f + 2. Let o be 1*(-1)/f*-26. What is the greatest common factor of 143 and o?
13
Let w = 156 - 60. Suppose 5*q + 1 - 6 = -z, 5*z + 4*q = 4. Suppose -3*o = 0, -5*g + 3*o + z*o + 60 = 0. What is the greatest common divisor of g and w?
12
Let b be (7 + -4 + 111)/(1 - -1). What is the greatest common factor of 209 and b?
19
Let q = 6 + 18. Let b(s) = 19 + 36 - 2*s - 38. Let h be b(7). What is the greatest common divisor of q and h?
3
Let m(r) = 8*r**2 - 13*r + 25. Let o be m(2). Calculate the greatest common divisor of o and 93.
31
Suppose 0 = -4*u - 10*u + 12992. Calculate the highest common factor of u and 58.
58
Let t(b) = -21*b + 2. Let o(j) = 62*j - 5. Let f(p) = 3*o(p) + 8*t(p). Let g be f(5). Let k = -337 - -350. Calculate the greatest common divisor of g and k.
13
Suppose -222 = -2*z - 2*a + 342, 2*z - 2*a = 580. Suppose 0 = -16*r + 18*r - z. What is the greatest common factor of r and 13?
13
Let t be 186/(-15) + 12 - (-2562)/5. What is the greatest common divisor of t and 64?
64
Suppose 2*j + 3*v - 153 = 0, -3*v + 183 = 5*j - 222. Let t = 124 - j. What is the greatest common factor of t and 10?
10
Let x(t) = -t + 6. Let o be x(-7). Let l(a) = -4*a + 6. Let y be l(-5). Calculate the highest common divisor of y and o.
13
Suppose 153*p - 450 = 138*p. What is the greatest common divisor of p and 555?
15
Suppose -5*b - 4*h + 50 = 0, 4*b - 7 = -4*h + 37. Suppose 5*m - 42 - b = -d, -4*m + 38 = d. Calculate the greatest common factor of 70 and m.
10
Let r be (-72)/(-108) + (-176)/(-6). Calculate the greatest common divisor of 80 and r.
10
Suppose -2*h - 8 = 2, 0 = -2*m - 5*h - 73. Let f be m/9*(-9)/3. Calculate the highest common factor of 36 and f.
4
Suppose -4*a - 3*v + 4 = 0, 5*a + v - 3 = 2. Let c be 4 + a + (3 - 3). Calculate the highest common factor of 25 and c.
5
Suppose -4*g - 2*s + 8 = 0, 7*g = 3*g + s + 14. Let x(n) = -n**2 + 11*n + 3. Let w be x(5). What is the highest common divisor of w and g?
3
Let r = 459 - 437. What is the greatest common factor of 143 